t x(r) = 3*r - 1. Let q be x(2). Suppose 5*u + 3*n = -10 - 25, -q*u = -4*n. Calculate f(u).
11
Let m(i) = -i + i + 3*i. Suppose -5*n = 15, -6*n - 12 = 2*f - 2*n. Suppose f = -2*r + 5*r + 6. Determine m(r).
-6
Let z(p) = 3 - 9*p - 210*p**2 + 209*p**2 - 6. Give z(-6).
15
Let n(d) = -2*d + 9 + 3*d - 6. Let x(p) = -p**3 + 5*p**2 + 6*p - 3. Let j be x(6). Let q be n(j). Let g(l) = l**3 - l**2 - 2. Give g(q).
-2
Let j(z) = -3*z**3 - z**2 + 1. Let m(x) = -x**2 + 5*x - 3. Let w be m(6). Suppose 0 = -0*o - 4*o + 4. Let y be (o/3)/(3/w). Determine j(y).
3
Let b(z) = z - 3. Let g(j) = -6*j + 14. Let n(c) = -14*b(c) - 3*g(c). Let t(w) = w**2 + w + 1. Let f(v) = -n(v) - t(v). Calculate f(-3).
5
Let f(x) be the third derivative of -x**5/12 - x**3/6 - 2*x**2. Suppose 4 - 19 = -3*z, -21 = -4*o - 5*z. Determine f(o).
-6
Let d(y) = y - 12. Let u be d(6). Let v(i) = i**2 + 7*i + 1. Calculate v(u).
-5
Let h(k) = 10*k - 3. Let a(b) = -29*b + 8. Let p(c) = -4*a(c) - 11*h(c). Calculate p(1).
7
Let j be (-2 - 0)/((-2)/(-2)). Let r(f) = -1 - 4*f**2 - 2*f - 3*f**2 + 0 + 6*f**2. Give r(j).
-1
Let k(m) = -m - 1. Let b be k(0). Let c be 21/(-7) - 5*b. Suppose c*a = -3 + 15. Let j(f) = -f**2 + 7*f - 9. Give j(a).
-3
Let c = -13 - -15. Let y(v) = v**2 + v**3 + c*v + 4 + 0 - 2 - 5*v**2. Determine y(2).
-2
Let h(y) = -2 + y - 2 + y. Let c = -4 + 8. Suppose 5*r = -4*s + 45, -c*s + 4*r = -0*s. Give h(s).
6
Suppose -32 = -5*s + s. Suppose 3*n - x = s, 1 + 1 = -4*n - 5*x. Let h(l) = -6 + l - l**n + 0 + l**3 - 2*l**3. Give h(0).
-6
Let r(q) be the second derivative of -q**5/20 - q**4/6 + q**3/2 + q**2 - 2*q. Let h be r(-3). Let i(g) = -3*g**2 + 5*g**h + 3*g**2 - g**3 + 1. What is i(5)?
1
Let s(z) be the third derivative of -z**6/360 - z**5/30 + z**4/6 + z**3 + 6*z**2. Let i(c) be the first derivative of s(c). What is i(-4)?
4
Let s(u) = 2*u**2 - 2*u - 3 + u**2 - 6*u**2 + 4*u**2. Let w(l) = l**2 - 7*l + 7. Let b be w(5). Let d = b - -6. What is s(d)?
0
Let j(k) = 2*k**3 - 8*k**2 + 9*k + 2. Let c(g) = 5*g**3 - 23*g**2 + 26*g + 6. Let i(x) = 3*c(x) - 8*j(x). Give i(-6).
2
Let c(q) = 4*q**2 + q + 2. Let a(s) = -s + s - 3*s**2 - 2. Let p(n) = -5*a(n) - 4*c(n). Let m be (-165)/35 - 4/14. Calculate p(m).
-3
Let y(m) = -7*m - 58. Let o be y(-8). Let g(j) = j**2 + 3*j + 3. Determine g(o).
1
Suppose -5*h + 5*l - 25 = 0, 0 = 5*h + 2*l - 2 + 6. Let a(t) = 4*t + 2. Determine a(h).
-6
Let w(j) = j**2 - 3*j + 3. Let u be (-72)/(-6)*(-5)/(-3). Suppose -4*f - u = -9*f. Calculate w(f).
7
Let l(v) be the second derivative of -v**5/20 + 5*v**4/12 - v**3/6 - v**2 + 2*v. Determine l(5).
-7
Let s be 1*(-1 - -1 - 1). Let h(b) be the third derivative of -b**7/720 - b**6/720 - 2*b**5/15 + 6*b**2. Let i(v) be the third derivative of h(v). What is i(s)?
6
Let p(o) = -5*o**2 - o - 2. Let x(t) = -11*t**2 - 3*t - 5. Let f(c) = 7*p(c) - 3*x(c). Determine f(-1).
-3
Let l(v) = v**2 - 7*v + 6. Let x = -78 - -82. What is l(x)?
-6
Let o(n) = -n**2 - 3*n + 5. Suppose -8*y = -3*y. Suppose y = f + f - 40. Suppose 3*h + f = 5*z, z = -5*h + 3*z - 27. Determine o(h).
-5
Suppose -34 + 46 = -2*h. Let d(y) = -y**2 - 8*y - 2. Give d(h).
10
Let r(p) = 4*p - 2. Let m be 6/(-4)*-2*2. Suppose -4 - 12 = 4*u. Let a = m + u. Determine r(a).
6
Let t be (-18)/30 + (-64)/10. Let f(x) = x**3 - x**2 + x + 1. Let g(d) = -d**3 + 9*d**2 - 2*d + 1. Let m(n) = 2*f(n) + g(n). Give m(t).
3
Let b(x) = 6 + x - 19 + 12 + x**2. Calculate b(-1).
-1
Let z(w) = -24 + 8*w**3 + 10 - w + 13. Calculate z(-1).
-8
Suppose 2*u + 2 = 3*u. Let m(d) be the first derivative of -2*d**3/3 + d - 1. Give m(u).
-7
Let a(o) = -o**3 - 2*o**2 + 3*o + 1. Let j(k) = k**3 + 9*k**2 - k - 5. Let r be j(-9). Suppose -12 = r*b - 0. Give a(b).
1
Let m(n) = -5*n**2 + 2*n - 1. Let w be m(1). Let x(z) = z**3 - z + 7*z + 5*z**2 + 0*z. Give x(w).
-8
Let x(j) be the third derivative of -j**6/120 - j**5/60 + j**4/24 + j**2. Let i be 1 - (-1)/(3/(-3)). Let n be -1*(i - 5) + -3. Calculate x(n).
-10
Let z(v) = -2*v. Let p = 7 - 2. Suppose h - 8 = p*r, r = 4*r + 6. Let f be z(h). Let m(b) = -b**3 + 3*b**2 + 5*b + 3. What is m(f)?
7
Let v(t) = -1. Let p(w) = -w - 4. Let j(q) = p(q) + 2*v(q). Determine j(-7).
1
Let j be -2*(3 + (-6)/4). Let s(c) = 6*c**2 + 8*c - 1. Let l(o) = -7*o**2 - 9*o + 1. Let k(x) = -5*l(x) - 6*s(x). What is k(j)?
1
Let g(y) = -y**2 + 6*y - 4. Let j be g(4). Let l(t) = -t + 1. Let u(r) = -r**2 + 3*r - 4. Let n(v) = 2*l(v) - u(v). Determine n(j).
2
Let w(j) be the second derivative of 2*j**3/3 + j**2/2 + 7*j. Calculate w(1).
5
Suppose -4*t + 33 + 7 = 0. Suppose g - 4 = -2*d - d, d - 4*g = t. Let q(v) = 2*v**2 - 3*v - d*v + 6*v. Calculate q(1).
3
Let s(u) = u**2 - 4*u + 2. Let p be (-6)/4*2/3. Let r be (p + -2)/((-6)/10). What is s(r)?
7
Let l(h) = h**2 - 4*h - 3. Let z be l(5). Let a(q) be the first derivative of -5/3*q**3 - 2 + 4*q - q**z - 1/4*q**4. Give a(-3).
-8
Let t(a) = -3*a + 2. Let c(x) = -x - 1. Let q be c(-2). Let o = -12 - -11. Let l = o - q. What is t(l)?
8
Let o = 16 + -12. Let h(u) = 3*u - 1. Give h(o).
11
Let t(m) = -3*m**2 - 1. Let j(d) = 3*d**2 + d + 1. Let b(f) = 3*j(f) + 4*t(f). Let n be (-11)/(-5) + (-3)/15. Calculate b(n).
-7
Let b(i) be the second derivative of i**5/4 - i**2/2 - 2*i. Let r = -2 - -3. Calculate b(r).
4
Let t = 12 + -6. Let f(d) = d**2 - 7*d + 9. Calculate f(t).
3
Suppose -v = -0*v - 7. Let q(h) = 6*h**2 + 6*h - v*h**2 + 1 - 6. Calculate q(4).
3
Suppose 3*v - 5*q - 21 = 0, 4*v + 5*q - 12 - 16 = 0. Suppose -2*n - g = -4, 5*n + 3*g - 2 = v. Let o(r) = -3*r + 3. Determine o(n).
-6
Let a(j) be the third derivative of j**6/120 + j**5/12 - j**4/24 + j**3/6 + j**2. Let c = -34 - -29. Determine a(c).
6
Let x(w) be the second derivative of 5/6*w**3 + w**2 + 0*w**4 + 0 - 1/20*w**5 + 5*w. What is x(-3)?
14
Let z(m) be the second derivative of 3*m + 0*m**2 + 0 + 1/6*m**3. Calculate z(3).
3
Let k(l) be the third derivative of l**4/12 - l**3/2 - l**2. Determine k(4).
5
Let d(s) = -s**3 - 8*s**2 + 10*s + 12. Let b be d(-9). Let h(r) be the second derivative of -r**3/3 + r**2 - r. Calculate h(b).
-4
Let d = -7 - -12. Let z = 1 - -1. Let j(o) = -6*o - 3 + 2 + o**z + 4 + o. Calculate j(d).
3
Let f be 6/(-5) + (-6)/(-30). Let h be (-2 - -3 - f)*2. Let a(j) = -8*j - 1. Let b(k) = k + 1. Let i(g) = a(g) + 6*b(g). Calculate i(h).
-3
Let w(f) = f**2 + 6*f + 5. Let r be ((-6)/(-4))/((-2)/(-4)). Let h be (-1)/(-1)*(r + -7). Give w(h).
-3
Let m(d) = 6*d**2 + 5*d. Let g(t) = 13*t**2 + 11*t. Let u(f) = -4*g(f) + 9*m(f). What is u(-2)?
6
Let h = 12 + -15. Let i(l) = l**2 - 4*l + 26. Let m(a) = -a + 5. Let p(b) = -2*i(b) + 11*m(b). Calculate p(h).
-6
Let c(g) = -g**2 + 2*g - 1. Let b be c(1). Let w(h) = 4*h + 0*h + b + 3. Calculate w(-2).
-5
Let f(p) be the third derivative of p**6/120 + p**5/20 - p**4/6 - p**3/2 + 46*p**2. Give f(-4).
-3
Let h(t) = t**3 + 11*t**2 + 11*t - 7. Let v(x) = -x**3 - 10*x**2 - 10*x + 6. Let k(u) = 5*h(u) + 6*v(u). Calculate k(-4).
5
Let y(p) = 3*p**2 - 3*p + 2. Suppose -f + 2 + 3 = 0. Let m be (f + -2)*(-4)/(-6). Give y(m).
8
Let h(x) = -x**2 - 10*x + 1. Let z be h(-10). Let u(b) = -5*b**3 + 4 - z + 2*b**2 + b**3 + 5*b**3. Give u(-3).
-6
Let t(q) be the first derivative of q**4/4 + 2*q**3 + 3*q**2/2 - 6*q + 1. Calculate t(-5).
4
Suppose -5*y - 20 = -30. Let p(d) = -d**3 + 2*d**2 - 2*d - 2. Determine p(y).
-6
Suppose -3*v = 3*t - 51, 0 = 3*v - t + 5*t - 55. Let q(g) = -v*g - 3 - 8 - 12 + 6. Let z(y) = -7*y - 9. Let d(u) = 6*q(u) - 11*z(u). Determine d(-5).
2
Let i(w) = w**3 - 4*w**2 - 2*w + 5. Let k(o) = 2*o - 6. Let j be 0/3 - (-4 + -1). Let t be 2/(j/(75/6)). Let l be k(t). Calculate i(l).
-3
Let z = -28 + 44. Let n = 11 - z. Let c(u) = -u**3 - 6*u**2 - 5*u + 4. Determine c(n).
4
Let v(f) = f**2 - 5*f - 4. Let u be -4 + 17/4 + (-38)/(-8). Give v(u).
-4
Let k(i) = -6*i**3 - 4 + 2*i**2 - 7*i**2 - 3*i + 5*i**3. What is k(-4)?
-8
Let l(v) = -5*v**3 + 4*v**2 + 2*v + 10. Let b(w) = w**3 - w - 1. Let h(t) = 4*b(t) + l(t). Calculate h(4).
-2
Let a(p) = p + 6. Let v(u) = -u**2 - 30*u. Let r be v(-30). Determine a(r).
6
Let p(s) = s**3 + 2*s**2 + 1. Let j(d) = -6*d + 7. Let g(h) = h - 1. Let c(w) = 4*g(w) + j(w). Let y be c(2). Let q = -3 - y. Determine p(q).
1
Let l(d) = -2*d + 5 - 10 + 6. Give l(4).
-7
Let g(y) be the first derivative o